 (-18 - (7 - 17))).
57
Evaluate (1 - -5) + -48 + (-4 - -4 - (-1 + -1)).
-40
Calculate 10 + (-14 - -7) + 6 + -27.
-18
What is (-85 + 38 - -36) + 72 + -11?
50
What is (13 + 79 - 138) + (-3 - -144)?
95
Evaluate 39 - ((13 - 48) + 87).
-13
What is (126 - 145) + 12 + 2 - (4 - 82)?
73
What is the value of -74 + 66 - (8 + 1 + 8 + -13)?
-12
What is -83 - -34 - -36 - -46?
33
8 + 1 + (-2 - -2) + 8 + (-717 - -711)
11
Calculate -129 + 272 + -157 - (-1 - (20 + -2)).
5
Evaluate 48 + (-120 - 37) - -163.
54
Evaluate 94 - 1 - (9969 + -9939).
63
Calculate (-2 - 7) + -7 + (4 - -2) + (120 - 89).
21
What is the value of -134 + -18 - -144 - -5?
-3
What is the value of (-117 - -40) + (8 - (10 + -16))?
-63
What is 34 - 16 - (-1 - -47) - 28?
-56
Calculate (-162 - -165) + (-79 + 11 - -5).
-60
-115 + 72 + 121 + -50
28
-62 - (-105 + 34 + 70)
-61
What is (1 - 1 - 0) + (2186 - 2190)?
-4
Calculate (17 - (7 + 10)) + (-26 - -2).
-24
What is -24 + (20 - -6) + 8 + (3 + 0 - 39)?
-26
Calculate -166 + 184 - (1 + 5).
12
What is -14 - 0 - (-103 + (-97 - -196))?
-10
What is 21 - (-2 + -94 + 7 + 23)?
87
Calculate -25 - (4 - 7) - (-275 - -273 - (-4 + -2)).
-26
What is the value of -17 + 30 + -22 + 1 + -1 + 7 + 33?
31
Calculate (-5 - 8) + 26 + -30 - 13.
-30
What is the value of 28 - 1 - (130 - 271) - 39?
129
What is the value of (-18 + -1 - 1) + (701 - 1009 - -461)?
133
What is 15 - (66 + 44 + -152)?
57
Calculate (-3 + 9 - (471 + -489) - 31) + -1 + -69.
-77
What is the value of 136 - (120 + -46) - 169?
-107
Evaluate 37 + 53 + (-1 - 14) - (9 + 10).
56
-10 - (-32 + 46 + -15)
-9
Calculate -14 + 51 - (78 - 85).
44
What is the value of (-95 - 104) + 98 + 38?
-63
What is the value of 2 - 4 - (-133 + (179 - 154))?
106
Evaluate -60 - -56 - (-11 - -25).
-18
Calculate (11 - (21 + -5 + 11)) + 8 - -2 - 43.
-49
-18 + 74 - (-113 + 141)
28
41 - 57 - 77 - -78
-15
What is the value of 4 + (31 - ((17 - 10) + -18 + 3))?
43
What is the value of -18 + (6 - (2 - -27))?
-41
Calculate 12 - 13 - 11 - (16 + 3).
-31
Calculate -56 - (0 + -1) - (23 + 30 + -23 - 36).
-49
What is -1 - -1 - (2 - 16) - (-209 + 180 - -36)?
7
What is the value of -6 + 5 + -3 + 10 - (450 - 459)?
15
What is the value of -8 - (-10 + 7 + 5 + 0 + 1 - 10)?
-1
What is the value of -32 - (16 + -3 + -23 - 27)?
5
Evaluate -37 - (-66 - (0 - -20)).
49
What is the value of (1 - 2) + (2 + -61 - (49 + -51))?
-58
Evaluate (4874 - 4869) + (-30 - (-1 + 1)).
-25
Evaluate -69 + (-7 + 40 - 8).
-44
Calculate 27 + (6 - 12 - -1) + 2.
24
Evaluate (-37 - -4) + 33 - (-31 - 3).
34
What is the value of 0 - (-33 + 10) - (-1 - -6)?
18
45 + -4 - (59 - 76)
58
What is 2 - (5 - 108 - -2) - (60 - (73 + -16))?
100
3 + -15 + (-15 - 0 - -9) + 61
43
What is the value of 8 + (16 - (-25 - -48)) + -1 + 0 + 56?
56
Calculate 72 + 19 + -87 + -66.
-62
What is the value of -2 + 0 + -3 - ((-11 - 5) + 33 + -41)?
19
What is the value of 0 - -28 - ((-27 - -2) + (454 - 437))?
36
What is 14 - (-24 - ((22 - 11) + -8))?
41
Calculate -43 + 33 - 20 - 7.
-37
-1 - (-5 - (2 - 29)) - (95 - 91)
-27
66 - (49 - 24 - -40)
1
Evaluate 181 - 221 - (-5 - 38).
3
(5 - 23) + -35 + 13 - (1 + 1)
-42
What is (20 - (102 + -38)) + 8?
-36
-1 - 32 - (21 + 34 + -32 + -21)
-35
-69 - (10 + (-4 - (-7 + -4)) + (8 - 13))
-81
What is the value of (36 - 87 - -13) + -4?
-42
-10 + (7 - 4 - 25 - (4 - 6)) + 11
-19
What is the value of 303 + -318 + -8 + (-3 - 22)?
-48
What is the value of 0 + 1 + 2 - (-116 - (-361 - -136))?
-106
What is the value of (-1498 - -1579) + (4 - 1)?
84
Calculate 23428 + -23437 - (-2 - (-2 + -74)).
-83
(-4 + -2 - -128) + (293 - 280)
135
Evaluate (2 - 101) + 3871 + -3787.
-15
71 + (12 + -1 - (41 - (68 - 27))) + -19
63
Evaluate 4 + (-11 + 4 - 3) - (77 + -63).
-20
What is the value of 8 - (14 - (8 + 19)) - 10?
11
1 - 146 - (142 - (76 - -82))
-129
2 + -34 + 664 + -642
-10
What is (-7 - -22) + 32 + -27 + 11?
31
What is -4840 + 4855 - (40 + 1)?
-26
What is the value of (-40 - -56 - (7 + 4) - -13) + 5 + -1?
22
What is the value of -177 + (-1 - -176) - (-34 + 0 + 0 + -2)?
34
What is the value of (25 - 34 - 55) + (-1 - -10)?
-55
-26 - (-12 + (49 - 23) + -22 - (-19 + 1))
-36
What is (6 - -3) + -16 + 2 + (-153 - -50)?
-108
Calculate 70 - (12 + 1 - (-34 - -30 - -28)).
81
What is (-220 - -37) + 75 + (29 - 1)?
-80
Evaluate -1941 - -1930 - (-2 + -7 + 0).
-2
What is 50 + 3 + (28 - 20) + 3 + (1 - 2)?
63
-1 - (-2 - -3) - (-19 + 90 + -24)
-49
What is (7 - (26 - (12 + 9))) + (-13 - -2) + -27?
-36
Evaluate -12 + (3 + 50 - (-1 + (-23 - -15))).
50
What is 54 + (-126 - -39) + (2 + 3 + -7 - -5)?
-30
What is the value of -10 + (-13 + 20 + 0 - 3) - -44?
38
What is -11 + 4 - -3 - (9 - 9 - -19)?
-23
Calculate 76 + -107 - 28 - (1 + -8 - 0).
-52
What is the value of -39 - (-16 + -16 - -16 - 29)?
6
Calculate (2 - 3 - -33) + (-2 - 33 - -51).
48
Evaluate -2 + -15 - (11 - (24 + -8 + -4)).
-16
What is the value of -69 + 40 + -65 + 86?
-8
What is the value of (-3 - (5 - 2) - (16 - -3 - 32)) + -41?
-34
Calculate -1 + 76 - (13034 + -13027).
68
What is (15 - (32 + -20)) + 31 - (-6 - -3)?
37
What is (3 + (19 - 20 - -15) - 40) + -98?
-121
(-51 + 32 - 9) + 30
2
What is the value of (-32 - -1) + (16 + -43 + 29 - 6) + -2?
-37
-63 - (-5 - (-2 - 1)) - (-36 + 95 - 55)
-65
-67 + -2 + (-824 - -791)
-102
Calculate 1 + -9 + 1588 + -1533.
47
Evaluate 112 - (31 + (119 - 111)).
73
Calculate (103 + -26 - -13) + -9 + -13 + -3.
65
What is (-3 - ((6 - (12 - 3)) + -2)) + (-29 - -18)?
-9
Evaluate 11 + -49 + 28 + 35.
25
What is the value of 26 + (-48 - (-38 - -28)) - (-2 - (57 + -2))?
45
What is the value of 4 + (-1 - 9) + -211 + 218?
1
Evaluate 54 - 17 - 13 - 17 - 43.
-36
(32 - 11 - 44) + -22
-45
Calculate 123 + -26 - (1 - -1) - (-38 + 5 + 48).
80
What is (36 - (7 - (-20 - -32))) + (6 - -1)?
48
What is -20 - -22 - -34 - (-27 + 158)?
-95
Calculate -16 + 3 + -113 + 55 + 8.
-63
14 + 2 + (-22 - -16) + -25 - -57
42
What is the value of (-17 + 56 - (-29 - -46)) + 49?
71
What is the value of 0 - -2 - 6 - (-23 + 77 - 48)?
-10
What is the value of 6 - (24 + -42 + (-7 - -12))?
19
Calculate 3 - (6 + 2) - -19 - (-4 - -63).
-45
What is the value of -4 + (-51 - -28) - 47?
-74
What is -11 - -10 - -39 - (27 - 35)?
46
-3 + (0 - 0 - (-5 - -8)) - (-43 - -64)
-27
-22 + (-114 - ((45 - 12) + -59))
-110
What is the value of -257 + 259 + (0 - 1 - -4 - (-13 - 22))?
40
1 + 11 + -2 - (110 - (114 - 31))
-17
Evaluate -16 - (51 - -6 - (-57 + 62)).
-68
Calculate (75 - (-4 - -3)) + -18 + -13.
45
(2435 - 2440) + (-4 + -37 - (1 - 0))
-47
Calculate 54 - 1 - (1693 + -1595).
-45
What is (-47 - (33 - 67)) + -1 + (3 - -44)?
33
34 - (-48 + 24) - (2 - -1 - 2)
57
-16 + (-60 - -8 - -28)
-40
What is 0 + (1 + 0 - -80) + (6778 - 6784)?
75
What is the value of (-22 - (21 + -29)) + -12 - 7?
-33
86 + 15 + -2 + -33 + 36
102
What is (-18 + 37 - -45) + (-2 + 6 - 15)?
53
What is the value of 148 - (-87 + 108 - -98)?
29
What is the value of -2 - (0 + -5 + 16 + -10 + (-5 - -2))?
0
What is -4 + (-13 - 1) + (-20 + 5 - -29) + -11?
-15
What is the value of 123 + 0 + -9 + (-11 - -2 - (47 + -42))?
100
Evaluate 1 + -5 + (-6 - -28) + -5 + -8 + 6.
11
What is the value of 217 + -338 - -195 - (-1 - -8 - (-2 + 0))?
65
What is 63 + 1 + (322 - 343)?
43
What is 218 + -207 + -4 + 0 + (0 - -2)?
9
What is -529 - -501 - (-2 - 11)?
-15
What is the value of (-43 - (23 - 245)) + -28 - 14?
137
What is the value of 133 + (-90 - -29) + 78?
150
What is -30 + -28 - (-1 + -6) - (10 + 1)?
-62
What is the value of -35 + (280 - 133) - 15?
97
What is (52 - (-1 - 18)) + -30 + 5?
46
(-55 - 3) + 77 + -51
-32
What is the value of 29 + 35 + (10 - 42) + -1 + -4?
27
What is the value of (9 - -7 - -3 - 41) + 6?
-16
0 - ((79 - (4 - -73)) + 0 + 9)
-11
What is 8 - (15 + -18 + (12 - 8) - -128)?
-121
(-4 - -29) + (-15 - -8) + 23
41
What is the value of 9 + (16 - 2) + (31 - 0) + -26?
28
Evaluate (3 - 48) + 831 + -789.
-3
Evaluate 0 + (-145 - -159 - (-1 + 11)) - (1 + 27).
-24
What is the value of (-6 - (10 + -8)) + 1 + -13?
-20
What is the value of -5 + -62 - (178 + -154)?
-91
(28 - (53 - 12 - -22)) + (-12 - 2)
-49
Evaluate (-8 - 2) + ((2 - -32) + -27 + 11 - -65).
73
What is 12 + 14 + 26 + -27?
25
What is 322 - 337 - (-9 + -45 + 8)?
31
(25 + 17 - 13) + (16 - 24)
21
What is the value of 47 + -8 + (-7 + 17 - (6 - 7))?
50
-5804 - -5716 - (-34 + -1)
-53
What is -